
True
Is 245544 a multiple of 104?
True
Does 18 divide 9527168?
False
Is 54838 a multiple of 14?
True
Is 5 a factor of 68844?
False
Does 628 divide 79128?
True
Does 89 divide 205679?
True
Is 203 a factor of 5269271?
True
Does 15 divide 698310?
True
Is 61 a factor of 39550?
False
Does 106 divide 261926?
True
Does 46 divide 1169504?
True
Is 54538 a multiple of 11?
True
Is 28 a factor of 66531?
False
Does 235 divide 372240?
True
Is 64 a factor of 4741824?
True
Is 4364550 a multiple of 135?
True
Is 15 a factor of 294559?
False
Is 13627517 a multiple of 568?
False
Does 206 divide 2600750?
True
Is 16 a factor of 144090?
False
Is 17 a factor of 95880?
True
Does 20 divide 32540?
True
Is 37 a factor of 12800488?
False
Is 259 a factor of 1505414?
False
Does 41 divide 1648897?
True
Is 681 a factor of 16706992?
False
Is 333258 a multiple of 201?
True
Is 10 a factor of 1119870?
True
Is 27452 a multiple of 4?
True
Is 166104 a multiple of 24?
True
Is 1916978 a multiple of 49?
True
Is 26 a factor of 118156?
False
Does 144 divide 7161616?
False
Does 77 divide 371719?
False
Does 49 divide 618772?
True
Does 17 divide 5648607?
True
Is 1224 a factor of 588233?
False
Is 83831 a multiple of 6?
False
Does 57 divide 636576?
True
Is 20471907 a multiple of 84?
False
Is 4193512 a multiple of 48?
False
Does 30 divide 11958?
False
Is 29 a factor of 127442?
False
Is 530 a factor of 1389130?
True
Is 18 a factor of 474984?
True
Does 22 divide 1033901?
False
Is 18 a factor of 1778886?
True
Is 1873664 a multiple of 400?
False
Is 4993758 a multiple of 198?
True
Does 17 divide 237711?
True
Does 480 divide 6922080?
True
Is 1604588 a multiple of 982?
True
Is 42 a factor of 10550148?
True
Is 80229 a multiple of 48?
False
Does 514 divide 7681216?
True
Does 1466 divide 6873608?
False
Is 245180 a multiple of 20?
True
Is 563 a factor of 1269002?
True
Is 1337911 a multiple of 14?
False
Is 23 a factor of 447212?
True
Does 18 divide 24912?
True
Is 109 a factor of 863?
False
Is 82189 a multiple of 5?
False
Does 12 divide 35914?
False
Is 1289585 a multiple of 245?
False
Does 737 divide 4555916?
False
Is 434204 a multiple of 73?
True
Does 28 divide 1266965?
False
Is 805488 a multiple of 48?
True
Does 12 divide 1179698?
False
Does 26 divide 7701708?
False
Does 206 divide 17108323?
False
Does 23 divide 992941?
False
Is 11 a factor of 3586?
True
Does 14 divide 302600?
False
Is 126 a factor of 2270268?
True
Is 14 a factor of 732270?
True
Is 12 a factor of 207792?
True
Is 550627 a multiple of 7?
True
Is 24 a factor of 1081130?
False
Does 37 divide 1532762?
True
Is 6673 a multiple of 33?
False
Does 9 divide 3780923?
False
Does 7 divide 1230320?
True
Does 179 divide 139994?
False
Is 2071600 a multiple of 8?
True
Is 27756 a multiple of 27?
True
Is 6 a factor of 1576999?
False
Is 23 a factor of 560418?
True
Is 43069 a multiple of 25?
False
Is 29 a factor of 6213327?
False
Does 7 divide 225815?
False
Does 113 divide 495788?
False
Does 4 divide 1216626?
False
Does 7 divide 9498?
False
Is 38 a factor of 36860?
True
Is 5 a factor of 4855?
True
Is 171563 a multiple of 127?
False
Is 71 a factor of 2245340?
False
Does 17 divide 8498334?
True
Does 8 divide 7264932?
False
Is 5247 a multiple of 99?
True
Is 552990 a multiple of 6?
True
Is 23653 a multiple of 31?
True
Does 529 divide 211630?
False
Is 242 a factor of 242968?
True
Does 5 divide 4255?
True
Is 129102 a multiple of 206?
False
Is 65433 even?
False
Does 15 divide 546432?
False
Does 136 divide 75602?
False
Is 56 a factor of 3224480?
True
Does 16 divide 1785824?
True
Does 494 divide 299810?
False
Is 68 a factor of 183554?
False
Does 8 divide 20852?
False
Does 48 divide 103728?
True
Is 10 a factor of 416860?
True
Is 37098230 a multiple of 65?
True
Is 78 a factor of 449982?
True
Is 46178 a multiple of 7?
False
Is 68372 a multiple of 8?
False
Is 21 a factor of 321846?
True
Does 13 divide 1923147?
False
Is 140 a factor of 1782620?
True
Does 1003 divide 196373?
False
Does 25 divide 849436?
False
Is 4121405 a multiple of 25?
False
Is 9 a factor of 176166?
True
Is 2487319 a multiple of 936?
False
Is 407515 a multiple of 149?
True
Is 162 a factor of 187116?
False
Is 4384625 a multiple of 6?
False
Is 44764 even?
True
Does 446 divide 3194266?
False
Is 434 a factor of 1303736?
True
Does 32 divide 1199252?
False
Does 64 divide 5473015?
False
Is 100272 a multiple of 3?
True
Is 337714 a multiple of 40?
False
Is 35289 even?
False
Does 10 divide 137252?
False
Does 52 divide 17875?
False
Does 2924 divide 5149164?
True
Is 5 a factor of 266155?
True
Does 743 divide 13654083?
False
Is 234 a factor of 735238?
False
Does 9 divide 1202508?
True
Is 5 a factor of 1548735?
True
Is 508010 a multiple of 35?
False
Does 12 divide 2292?
True
Is 12 a factor of 486768?
True
Does 11 divide 97381?
False
Is 17 a factor of 30790?
False
Is 4610308 a multiple of 971?
True
Is 4 a factor of 60497?
False
Is 29 a factor of 662592?
True
Is 376824 a multiple of 28?
True
Does 32 divide 38112?
True
Is 3 a factor of 6203037?
True
Is 224640 a multiple of 18?
True
Is 6 a factor of 88212?
True
Does 33 divide 1392732?
True
Is 195348 a multiple of 154?
False
Is 74 a factor of 206312?
True
Is 72324 a multiple of 196?
True
Does 7 divide 111034?
True
Is 7 a factor of 70047?
False
Does 49 divide 84427?
True
Is 466262 a multiple of 22?
False
Is 19662413 a multiple of 1002?
False
Does 7 divide 80955?
True
Does 259 divide 1088093?
False
Is 2 a factor of 1822?
True
Is 9 a factor of 352620?
True
Does 196 divide 1266013?
False
Does 12 divide 523006?
False
Is 10 a factor of 44450?
True
Does 11 divide 26384006?
True
Is 332082 a multiple of 342?
True
Does 3 divide 727667?
False
Is 181632 a multiple of 172?
True
Is 52100 a multiple of 14?
False
Does 13 divide 138983?
True
Does 825 divide 1939575?
True
Is 1004 a factor of 5901512?
True
Is 14 a factor of 1369718?
True
Is 465722 a multiple of 8?
False
Is 4 a factor of 156804?
True
Is 343 a factor of 1612633?
False
Does 95 divide 552520?
True
Is 39116 even?
True
Is 265841 a multiple of 579?
False
Is 8 a factor of 16432?
True
Does 604 divide 6529240?
True
Is 633762 a multiple of 62?
False
Is 843527 a multiple of 9?
False
Does 273 divide 1350258?
True
Is 16480 a multiple of 20?
True
Is 32 a factor of 9926048?
True
Is 93 a factor of 13021?
False
Does 17 divide 3110606?
False
Is 255 a factor of 5148195?
True
Is 330 a factor of 2129490?
True
Is 55 a factor of 13894496?
False
Is 272 a factor of 16779680?
True
Does 16 divide 208396?
False
Does 71 divide 114342?
False
Does 270 divide 3955770?
True
Does 51 divide 1620837?
False
Is 992750 a multiple of 361?
True
Is 8 a factor of 1212805?
False
Is 8124960 a multiple of 480?
True
Is 801343 a multiple of 8?
False
Is 95671 a multiple of 29?
True
Is 24 a factor of 12554187?
False
Is 30096231 a multiple of 2255?
False
Does 62 divide 653542?
True
Is 102 a factor of 839766?
True
Is 8 a factor of 363520?
True
Is 274 a factor of 38086?
True
Is 30 a factor of 189696?
False
Is 687 a factor of 370293?
True
Does 30 divide 210030?
True
Is 428 a factor of 298744?
True
Is 635413 a multiple of 773?
False
Is 120744 a multiple of 389?
False
Is 155574 a multiple of 67?
True
Does 493 divide 1020017?
True
Is 297548 a multiple of 73?
True
Is 999752 a multiple of 104?
True
Does 143 divide 5750169?
False
Does 110 divide 479081?
False
Is 469329 a multiple of 56?
False
Is 8 a factor of 10053?
False
Does 1695 divide 34020345?
True
Is 1005469 a multiple of 17?
False
Is 145 a factor of 1361405?
True
Does 13 divide 10892427?
True
Does 83 divide 1012684?
False
Is 393300 a multiple of 437?
True
Is 1370057 a multiple of 13?
True
Is 47 a factor of 220154?
False
Is 4 a factor of 908105?
False
Is 31 a factor of 26108?
False
Does 12 divide 4551456?
True
Does 14 divide 538048?
True
Is 95 a factor of 13599725?
True
Is 1079484 a multiple of 16?
False
Does 16 divide 388698?
False
Is 34 a factor of 11050?
True
Is 17 a factor of 291448?
True
Is 8060 a multiple of 2?
True
Is 256 a factor of 2307033?
False
Is 8 a factor of 239524?
False
Does 58 divide 390886?
False
Is 29 a factor of 2910?
False
Is 18 a factor of 44190?
True
Is 15 a factor of 545812?
False
Does 226 divide 1325038?
True
Does 26 divide 1419167?
False
Is 929015 a multiple of 43?
True
Does 15 divide 258570?
True
D